{"id":354,"date":"2016-11-03T17:58:44","date_gmt":"2016-11-03T17:58:44","guid":{"rendered":"http:\/\/lawyer2.mythemecloud.io\/?page_id=354"},"modified":"2021-04-07T14:49:52","modified_gmt":"2021-04-07T12:49:52","slug":"contact","status":"publish","type":"page","link":"https:\/\/deco-rentable.fr\/?page_id=354","title":{"rendered":"F.A.Q"},"content":{"rendered":"\t\t<div data-elementor-type=\"wp-post\" data-elementor-id=\"354\" class=\"elementor elementor-354\">\n\t\t\t\t\t\t<div class=\"elementor-inner\">\n\t\t\t\t<div class=\"elementor-section-wrap\">\n\t\t\t\t\t\t\t\t\t<section class=\"elementor-section elementor-top-section elementor-element elementor-element-290bc37 elementor-section-boxed elementor-section-height-default elementor-section-height-default\" data-id=\"290bc37\" data-element_type=\"section\">\n\t\t\t\t\t\t<div class=\"elementor-container elementor-column-gap-default\">\n\t\t\t\t\t\t\t<div class=\"elementor-row\">\n\t\t\t\t\t<div class=\"elementor-column elementor-col-100 elementor-top-column elementor-element elementor-element-227751d\" data-id=\"227751d\" data-element_type=\"column\">\n\t\t\t<div class=\"elementor-column-wrap elementor-element-populated\">\n\t\t\t\t\t\t\t<div class=\"elementor-widget-wrap\">\n\t\t\t\t\t\t<div class=\"elementor-element elementor-element-0410861 elementor-widget elementor-widget-image\" data-id=\"0410861\" data-element_type=\"widget\" data-widget_type=\"image.default\">\n\t\t\t\t<div class=\"elementor-widget-container\">\n\t\t\t\t\t\t\t\t<div class=\"elementor-image\">\n\t\t\t\t\t\t\t\t\t\t\t\t<img src=\"https:\/\/deco-rentable.fr\/wp-content\/uploads\/elementor\/thumbs\/DR-Bureau-detudes-copie-oxtpwatmo7rajad6lgec4qauswnncq2rrcnv91iehc.jpg\" title=\"DR Bureau d&#8217;\u00e9tudes copie\" alt=\"DR Bureau d'\u00e9tudes copie\" loading=\"lazy\" \/>\t\t\t\t\t\t\t\t\t\t\t\t\t\t<\/div>\n\t\t\t\t\t\t<\/div>\n\t\t\t\t<\/div>\n\t\t\t\t\t\t<\/div>\n\t\t\t\t\t<\/div>\n\t\t<\/div>\n\t\t\t\t\t\t\t\t<\/div>\n\t\t\t\t\t<\/div>\n\t\t<\/section>\n\t\t\t\t<section class=\"elementor-section elementor-top-section elementor-element elementor-element-d87c136 elementor-section-boxed elementor-section-height-default elementor-section-height-default\" data-id=\"d87c136\" data-element_type=\"section\">\n\t\t\t\t\t\t<div class=\"elementor-container elementor-column-gap-default\">\n\t\t\t\t\t\t\t<div class=\"elementor-row\">\n\t\t\t\t\t<div class=\"elementor-column elementor-col-100 elementor-top-column elementor-element elementor-element-1ae9851\" data-id=\"1ae9851\" data-element_type=\"column\">\n\t\t\t<div class=\"elementor-column-wrap elementor-element-populated\">\n\t\t\t\t\t\t\t<div class=\"elementor-widget-wrap\">\n\t\t\t\t\t\t<div class=\"elementor-element elementor-element-67dc114 elementor-widget elementor-widget-spacer\" data-id=\"67dc114\" data-element_type=\"widget\" data-widget_type=\"spacer.default\">\n\t\t\t\t<div class=\"elementor-widget-container\">\n\t\t\t\t\t<div class=\"elementor-spacer\">\n\t\t\t<div class=\"elementor-spacer-inner\"><\/div>\n\t\t<\/div>\n\t\t\t\t<\/div>\n\t\t\t\t<\/div>\n\t\t\t\t\t\t<\/div>\n\t\t\t\t\t<\/div>\n\t\t<\/div>\n\t\t\t\t\t\t\t\t<\/div>\n\t\t\t\t\t<\/div>\n\t\t<\/section>\n\t\t\t\t<section class=\"elementor-section elementor-top-section elementor-element elementor-element-e08f862 elementor-section-boxed elementor-section-height-default elementor-section-height-default\" data-id=\"e08f862\" data-element_type=\"section\">\n\t\t\t\t\t\t<div class=\"elementor-container elementor-column-gap-default\">\n\t\t\t\t\t\t\t<div class=\"elementor-row\">\n\t\t\t\t\t<div class=\"elementor-column elementor-col-100 elementor-top-column elementor-element elementor-element-a70a8e2\" data-id=\"a70a8e2\" data-element_type=\"column\">\n\t\t\t<div class=\"elementor-column-wrap elementor-element-populated\">\n\t\t\t\t\t\t\t<div class=\"elementor-widget-wrap\">\n\t\t\t\t\t\t<div class=\"elementor-element elementor-element-ec84df5 elementor-widget elementor-widget-heading\" data-id=\"ec84df5\" data-element_type=\"widget\" data-widget_type=\"heading.default\">\n\t\t\t\t<div class=\"elementor-widget-container\">\n\t\t\t<h2 class=\"elementor-heading-title elementor-size-default\">A PROPOS DE D\u00c9CO RENTABLE<\/h2>\t\t<\/div>\n\t\t\t\t<\/div>\n\t\t\t\t\t\t<\/div>\n\t\t\t\t\t<\/div>\n\t\t<\/div>\n\t\t\t\t\t\t\t\t<\/div>\n\t\t\t\t\t<\/div>\n\t\t<\/section>\n\t\t\t\t<section class=\"elementor-section elementor-top-section elementor-element elementor-element-b95aa8c elementor-section-boxed elementor-section-height-default elementor-section-height-default\" data-id=\"b95aa8c\" data-element_type=\"section\">\n\t\t\t\t\t\t<div class=\"elementor-container elementor-column-gap-default\">\n\t\t\t\t\t\t\t<div class=\"elementor-row\">\n\t\t\t\t\t<div class=\"elementor-column elementor-col-100 elementor-top-column elementor-element elementor-element-c9c7fcb\" data-id=\"c9c7fcb\" data-element_type=\"column\">\n\t\t\t<div class=\"elementor-column-wrap elementor-element-populated\">\n\t\t\t\t\t\t\t<div class=\"elementor-widget-wrap\">\n\t\t\t\t\t\t<div class=\"elementor-element elementor-element-368cd88 elementor-widget elementor-widget-accordion\" data-id=\"368cd88\" data-element_type=\"widget\" data-widget_type=\"accordion.default\">\n\t\t\t\t<div class=\"elementor-widget-container\">\n\t\t\t\t\t<div class=\"elementor-accordion\" role=\"tablist\">\n\t\t\t\t\t\t\t<div class=\"elementor-accordion-item\">\n\t\t\t\t\t<div id=\"elementor-tab-title-5721\" class=\"elementor-tab-title\" data-tab=\"1\" role=\"tab\" aria-controls=\"elementor-tab-content-5721\" aria-expanded=\"false\">\n\t\t\t\t\t\t\t\t\t\t\t\t\t<span class=\"elementor-accordion-icon elementor-accordion-icon-left\" aria-hidden=\"true\">\n\t\t\t\t\t\t\t\t\t\t\t\t\t\t\t<span class=\"elementor-accordion-icon-closed\"><i class=\"fas fa-long-arrow-alt-right\"><\/i><\/span>\n\t\t\t\t\t\t\t\t<span class=\"elementor-accordion-icon-opened\"><i class=\"fas fa-long-arrow-alt-down\"><\/i><\/span>\n\t\t\t\t\t\t\t\t\t\t\t\t\t\t<\/span>\n\t\t\t\t\t\t\t\t\t\t\t\t<a class=\"elementor-accordion-title\" href=\"\">D\u00e9coRentable c\u2019est quoi ?<\/a>\n\t\t\t\t\t<\/div>\n\t\t\t\t\t<div id=\"elementor-tab-content-5721\" class=\"elementor-tab-content elementor-clearfix\" data-tab=\"1\" role=\"tabpanel\" aria-labelledby=\"elementor-tab-title-5721\"><p><span style=\"font-size: 12pt;\">Un accompagnement sur la finalisation et la r\u00e9ussite de votre investissement immobilier !<\/span><\/p><p><span style=\"font-size: 12.0pt; mso-bidi-font-size: 11.0pt; line-height: 115%; mso-no-proof: yes;\">En effet, la d\u00e9coration, le choix des meubles et l\u2019am\u00e9nagement, la mise en location arrivent en fin de chantier, apr\u00e8s des mois de travail et \u00e7a ne s\u2019improvise pas si l\u2019on veut se professionnaliser et se d\u00e9marquer de la concurrence. Vous d\u00e9couvrirez au fil du site l\u2019importance capitale de cette \u00e9tape et pourquoi il ne faut pas l\u2019oublier.<\/span><\/p><p>\u00a0<\/p><p><span style=\"font-size: 12.0pt; mso-bidi-font-size: 11.0pt; line-height: 115%; mso-no-proof: yes;\">Forte de mes ann\u00e9es d\u2019exp\u00e9rience dans ce domaine, je partage, ici avec vous, tout mon savoir, mes conseils, astuces et m\u00e9thodes et vous propose \u00e9galement un accompagnement plus personnalis\u00e9 au besoin.<\/span><\/p><\/div>\n\t\t\t\t<\/div>\n\t\t\t\t\t\t\t<div class=\"elementor-accordion-item\">\n\t\t\t\t\t<div id=\"elementor-tab-title-5722\" class=\"elementor-tab-title\" data-tab=\"2\" role=\"tab\" aria-controls=\"elementor-tab-content-5722\" aria-expanded=\"false\">\n\t\t\t\t\t\t\t\t\t\t\t\t\t<span class=\"elementor-accordion-icon elementor-accordion-icon-left\" aria-hidden=\"true\">\n\t\t\t\t\t\t\t\t\t\t\t\t\t\t\t<span class=\"elementor-accordion-icon-closed\"><i class=\"fas fa-long-arrow-alt-right\"><\/i><\/span>\n\t\t\t\t\t\t\t\t<span class=\"elementor-accordion-icon-opened\"><i class=\"fas fa-long-arrow-alt-down\"><\/i><\/span>\n\t\t\t\t\t\t\t\t\t\t\t\t\t\t<\/span>\n\t\t\t\t\t\t\t\t\t\t\t\t<a class=\"elementor-accordion-title\" href=\"\">L\u2019histoire D\u00e9coRentable<\/a>\n\t\t\t\t\t<\/div>\n\t\t\t\t\t<div id=\"elementor-tab-content-5722\" class=\"elementor-tab-content elementor-clearfix\" data-tab=\"2\" role=\"tabpanel\" aria-labelledby=\"elementor-tab-title-5722\"><p><span style=\"font-size: 14px;\">Tout a commenc\u00e9 il y a 5 ans, quand mon fr\u00e8re, aujourd\u2019hui rentier immobilier, a achet\u00e9 son premier immeuble \u2026 J\u2019ai particip\u00e9 de loin \u00e0 ce premier achat et apr\u00e8s quelques mois de travaux, c\u2019est naturellement vers moi qu\u2019il s\u2019est tourn\u00e9 d\u00e8s qu\u2019il a fallu meubler et d\u00e9corer ses appartements tout neuf\u00a0! Voila comment tout a commenc\u00e9\u00a0!<\/span><\/p><p>\u00a0<\/p><p>J\u2019ai donc \u00e9tudi\u00e9 tout ce qu\u2019il y avait \u00e0 savoir sur ce style de location et adapt\u00e9 ma fa\u00e7on de travailler en fonction. Aujourd\u2019hui apr\u00e8s bient\u00f4t une cinquantaine d\u2019appartements d\u00e9cor\u00e9s, la location saisonni\u00e8re ou meubl\u00e9e n\u2019a plus de secret pour moi\u00a0<\/p><\/div>\n\t\t\t\t<\/div>\n\t\t\t\t\t\t\t<div class=\"elementor-accordion-item\">\n\t\t\t\t\t<div id=\"elementor-tab-title-5723\" class=\"elementor-tab-title\" data-tab=\"3\" role=\"tab\" aria-controls=\"elementor-tab-content-5723\" aria-expanded=\"false\">\n\t\t\t\t\t\t\t\t\t\t\t\t\t<span class=\"elementor-accordion-icon elementor-accordion-icon-left\" aria-hidden=\"true\">\n\t\t\t\t\t\t\t\t\t\t\t\t\t\t\t<span class=\"elementor-accordion-icon-closed\"><i class=\"fas fa-long-arrow-alt-right\"><\/i><\/span>\n\t\t\t\t\t\t\t\t<span class=\"elementor-accordion-icon-opened\"><i class=\"fas fa-long-arrow-alt-down\"><\/i><\/span>\n\t\t\t\t\t\t\t\t\t\t\t\t\t\t<\/span>\n\t\t\t\t\t\t\t\t\t\t\t\t<a class=\"elementor-accordion-title\" href=\"\">D\u00e9coRentable c\u2019est qui\u00a0?<\/a>\n\t\t\t\t\t<\/div>\n\t\t\t\t\t<div id=\"elementor-tab-content-5723\" class=\"elementor-tab-content elementor-clearfix\" data-tab=\"3\" role=\"tabpanel\" aria-labelledby=\"elementor-tab-title-5723\"><p><span style=\"font-size: 12.0pt; mso-bidi-font-size: 11.0pt; line-height: 115%; mso-no-proof: yes;\">C\u2019est moi, Julie, je serais votre interlocutrice principale pour tous vos projets et vos questions. <\/span><\/p>\n<p><span style=\"font-size: 12.0pt; mso-bidi-font-size: 11.0pt; line-height: 115%; mso-no-proof: yes;\">Pour moi, ce site est bien plus qu\u2019un outil de travail, avec chaque accompagnement, je participe \u00e0 un \u00e9v\u00e9nement important dans la vie de mes clients et j\u2019en mesure toute l\u2019ampleur. <\/span><\/p>\n<p><span style=\"font-size: 12.0pt; mso-bidi-font-size: 11.0pt; line-height: 115%; mso-no-proof: yes;\">Investir \u2013 parfois pour la premi\u00e8re fois \u2013 dans une location saisonni\u00e8re ou meubl\u00e9e est un pas de g\u00e9ant en direction de votre ind\u00e9pendance financi\u00e8re&nbsp;! Et m\u00eame si vos motivations sont diff\u00e9rentes, l\u2019\u00e9nergie de chaque projet reste aussi forte et, est une source d\u2019inspiration infinie pour moi.<\/span><\/p><p><span style=\"font-size: 12.0pt; mso-bidi-font-size: 11.0pt; line-height: 115%; mso-no-proof: yes;\"><br><\/span><\/p>\n<p><span style=\"font-size: 12pt;\">En voici un peu plus sur moi et mon parcours avant d\u2019arriv\u00e9e jusqu\u2019\u00e0 vous :<\/span><br><\/p>\n<p><span style=\"font-size: 12pt; line-height: 115%;\"><b><u>Mes \u00e9tudes&nbsp;:<\/u><\/b> \u00c9cole de Commerce (dipl\u00f4m\u00e9e avec mention<\/span><span style=\"font-size: 12pt; line-height: 115%;\">) puis \u00c9cole d\u2019art avec sp\u00e9cialisation en infographie pour la ma\u00eetrise des logiciels de cr\u00e9a et design d\u2019espace<\/span><br><\/p>\n<p><span style=\"font-size: 12.0pt; mso-bidi-font-size: 11.0pt; line-height: 115%;\"><b><u>Mes exp\u00e9riences Pro<\/u><\/b>&nbsp;: Quelques ann\u00e9es dans de grandes enseignes de d\u00e9co en cr\u00e9ation de vitrine, podium, ventes priv\u00e9es, merchandising, facing, \u2026 Puis pour des entreprises de fabrication de meubles puis de d\u00e9coration en cr\u00e9ation de stands pour des salons professionnels, organisation de s\u00e9minaire, etc \u2026<\/span><\/p>\n<p><span style=\"font-size: 12.0pt; mso-bidi-font-size: 11.0pt; line-height: 115%;\"><b><u>Aujourd\u2019hui :<\/u><\/b> D\u00e9coratrice, sp\u00e9cialis\u00e9e en locations meubl\u00e9e ou saisonni\u00e8res, passionn\u00e9e et compl\u00e8tement addict \u00e0 toutes formes de d\u00e9coration ! Entre chantier et salon de la d\u00e9co comme Maison et Objet \u00e0 Paris que je ne manque pour rien au monde depuis 10 ans, partager avec vous un peu de mon expertise et de mon temps pour vous accompagner dans votre projet est un vrai plaisir ! <\/span><\/p>\n<p><\/p>\n<p style=\"text-align: center;\" align=\"center\"><span style=\"font-size: 12.0pt; mso-bidi-font-size: 11.0pt; line-height: 115%;\">Maintenant vous savez tous&nbsp;! Alors n\u2019h\u00e9sitez pas \u00e0 me contacter si vous pensez avoir besoin d\u2019aide pour cette \u00e9tape majeure et indispensable&nbsp;!<\/span><\/p><\/div>\n\t\t\t\t<\/div>\n\t\t\t\t\t\t\t\t<\/div>\n\t\t\t\t<\/div>\n\t\t\t\t<\/div>\n\t\t\t\t\t\t<\/div>\n\t\t\t\t\t<\/div>\n\t\t<\/div>\n\t\t\t\t\t\t\t\t<\/div>\n\t\t\t\t\t<\/div>\n\t\t<\/section>\n\t\t\t\t<section class=\"elementor-section elementor-top-section elementor-element elementor-element-9e44dd8 elementor-section-boxed elementor-section-height-default elementor-section-height-default\" data-id=\"9e44dd8\" data-element_type=\"section\">\n\t\t\t\t\t\t<div class=\"elementor-container elementor-column-gap-default\">\n\t\t\t\t\t\t\t<div class=\"elementor-row\">\n\t\t\t\t\t<div class=\"elementor-column elementor-col-100 elementor-top-column elementor-element elementor-element-ee39708\" data-id=\"ee39708\" data-element_type=\"column\">\n\t\t\t<div class=\"elementor-column-wrap elementor-element-populated\">\n\t\t\t\t\t\t\t<div class=\"elementor-widget-wrap\">\n\t\t\t\t\t\t<div class=\"elementor-element elementor-element-37a3de8 elementor-widget elementor-widget-spacer\" data-id=\"37a3de8\" data-element_type=\"widget\" data-widget_type=\"spacer.default\">\n\t\t\t\t<div class=\"elementor-widget-container\">\n\t\t\t\t\t<div class=\"elementor-spacer\">\n\t\t\t<div class=\"elementor-spacer-inner\"><\/div>\n\t\t<\/div>\n\t\t\t\t<\/div>\n\t\t\t\t<\/div>\n\t\t\t\t\t\t<\/div>\n\t\t\t\t\t<\/div>\n\t\t<\/div>\n\t\t\t\t\t\t\t\t<\/div>\n\t\t\t\t\t<\/div>\n\t\t<\/section>\n\t\t\t\t<section class=\"elementor-section elementor-top-section elementor-element elementor-element-7bca4f1 elementor-section-boxed elementor-section-height-default elementor-section-height-default\" data-id=\"7bca4f1\" data-element_type=\"section\">\n\t\t\t\t\t\t<div class=\"elementor-container elementor-column-gap-default\">\n\t\t\t\t\t\t\t<div class=\"elementor-row\">\n\t\t\t\t\t<div class=\"elementor-column elementor-col-100 elementor-top-column elementor-element elementor-element-b22b82b\" data-id=\"b22b82b\" data-element_type=\"column\">\n\t\t\t<div class=\"elementor-column-wrap elementor-element-populated\">\n\t\t\t\t\t\t\t<div class=\"elementor-widget-wrap\">\n\t\t\t\t\t\t<div class=\"elementor-element elementor-element-48d6590 elementor-widget elementor-widget-image\" data-id=\"48d6590\" data-element_type=\"widget\" data-widget_type=\"image.default\">\n\t\t\t\t<div class=\"elementor-widget-container\">\n\t\t\t\t\t\t\t\t<div class=\"elementor-image\">\n\t\t\t\t\t\t\t\t\t\t\t\t<img width=\"768\" height=\"384\" src=\"https:\/\/deco-rentable.fr\/wp-content\/uploads\/2020\/11\/DR-Deco-Rentable-copie-768x384.jpg\" class=\"attachment-medium_large size-medium_large wp-image-885\" alt=\"\" loading=\"lazy\" srcset=\"https:\/\/deco-rentable.fr\/wp-content\/uploads\/2020\/11\/DR-Deco-Rentable-copie-768x384.jpg 768w, https:\/\/deco-rentable.fr\/wp-content\/uploads\/2020\/11\/DR-Deco-Rentable-copie-300x150.jpg 300w, https:\/\/deco-rentable.fr\/wp-content\/uploads\/2020\/11\/DR-Deco-Rentable-copie.jpg 1024w\" sizes=\"(max-width: 768px) 100vw, 768px\" \/>\t\t\t\t\t\t\t\t\t\t\t\t\t\t<\/div>\n\t\t\t\t\t\t<\/div>\n\t\t\t\t<\/div>\n\t\t\t\t\t\t<\/div>\n\t\t\t\t\t<\/div>\n\t\t<\/div>\n\t\t\t\t\t\t\t\t<\/div>\n\t\t\t\t\t<\/div>\n\t\t<\/section>\n\t\t\t\t\t\t\t\t\t<\/div>\n\t\t\t<\/div>\n\t\t\t\t\t<\/div>\n\t\t","protected":false},"excerpt":{"rendered":"<p>A PROPOS DE D\u00c9CO RENTABLE D\u00e9coRentable c\u2019est quoi ? Un accompagnement sur la finalisation et la r\u00e9ussite de votre investissement immobilier ! En effet, la d\u00e9coration, le choix des meubles et l\u2019am\u00e9nagement, la mise en location arrivent en fin de chantier, apr\u00e8s des mois de travail et \u00e7a ne s\u2019improvise pas si l\u2019on veut se [&hellip;]<\/p>\n","protected":false},"author":1,"featured_media":0,"parent":0,"menu_order":0,"comment_status":"closed","ping_status":"closed","template":"","meta":[],"yoast_head":"<!-- This site is optimized with the Yoast SEO plugin v19.4 - https:\/\/yoast.com\/wordpress\/plugins\/seo\/ -->\n<title>F.A.Q - D\u00e9co Rentable<\/title>\n<meta name=\"robots\" content=\"index, follow, max-snippet:-1, max-image-preview:large, max-video-preview:-1\" \/>\n<link rel=\"canonical\" href=\"https:\/\/deco-rentable.fr\/?page_id=354\" \/>\n<meta property=\"og:locale\" content=\"fr_FR\" \/>\n<meta property=\"og:type\" content=\"article\" \/>\n<meta property=\"og:title\" content=\"F.A.Q - D\u00e9co Rentable\" \/>\n<meta property=\"og:description\" content=\"A PROPOS DE D\u00c9CO RENTABLE D\u00e9coRentable c\u2019est quoi ? Un accompagnement sur la finalisation et la r\u00e9ussite de votre investissement immobilier ! En effet, la d\u00e9coration, le choix des meubles et l\u2019am\u00e9nagement, la mise en location arrivent en fin de chantier, apr\u00e8s des mois de travail et \u00e7a ne s\u2019improvise pas si l\u2019on veut se [&hellip;]\" \/>\n<meta property=\"og:url\" content=\"https:\/\/deco-rentable.fr\/?page_id=354\" \/>\n<meta property=\"og:site_name\" content=\"D\u00e9co Rentable\" \/>\n<meta property=\"article:modified_time\" content=\"2021-04-07T12:49:52+00:00\" \/>\n<meta property=\"og:image\" content=\"https:\/\/deco-rentable.fr\/wp-content\/uploads\/elementor\/thumbs\/DR-Bureau-detudes-copie-oxtpwatmo7rajad6lgec4qauswnncq2rrcnv91iehc.jpg\" \/>\n<meta name=\"twitter:card\" content=\"summary_large_image\" \/>\n<meta name=\"twitter:label1\" content=\"Dur\u00e9e de lecture estim\u00e9e\" \/>\n\t<meta name=\"twitter:data1\" content=\"4 minutes\" \/>\n<script type=\"application\/ld+json\" class=\"yoast-schema-graph\">{\"@context\":\"https:\/\/schema.org\",\"@graph\":[{\"@type\":\"Organization\",\"@id\":\"https:\/\/deco-rentable.fr\/#organization\",\"name\":\"D\u00e9co Rentable\",\"url\":\"https:\/\/deco-rentable.fr\/\",\"sameAs\":[],\"logo\":{\"@type\":\"ImageObject\",\"inLanguage\":\"fr-FR\",\"@id\":\"https:\/\/deco-rentable.fr\/#\/schema\/logo\/image\/\",\"url\":\"https:\/\/deco-rentable.fr\/wp-content\/uploads\/2020\/11\/cropped-DR-Deco-Rentable-copie.jpg\",\"contentUrl\":\"https:\/\/deco-rentable.fr\/wp-content\/uploads\/2020\/11\/cropped-DR-Deco-Rentable-copie.jpg\",\"width\":1024,\"height\":280,\"caption\":\"D\u00e9co Rentable\"},\"image\":{\"@id\":\"https:\/\/deco-rentable.fr\/#\/schema\/logo\/image\/\"}},{\"@type\":\"WebSite\",\"@id\":\"https:\/\/deco-rentable.fr\/#website\",\"url\":\"https:\/\/deco-rentable.fr\/\",\"name\":\"D\u00e9co Rentable\",\"description\":\"La d\u00e9coration rentable\",\"publisher\":{\"@id\":\"https:\/\/deco-rentable.fr\/#organization\"},\"potentialAction\":[{\"@type\":\"SearchAction\",\"target\":{\"@type\":\"EntryPoint\",\"urlTemplate\":\"https:\/\/deco-rentable.fr\/?s={search_term_string}\"},\"query-input\":\"required name=search_term_string\"}],\"inLanguage\":\"fr-FR\"},{\"@type\":\"WebPage\",\"@id\":\"https:\/\/deco-rentable.fr\/?page_id=354\",\"url\":\"https:\/\/deco-rentable.fr\/?page_id=354\",\"name\":\"F.A.Q - D\u00e9co Rentable\",\"isPartOf\":{\"@id\":\"https:\/\/deco-rentable.fr\/#website\"},\"datePublished\":\"2016-11-03T17:58:44+00:00\",\"dateModified\":\"2021-04-07T12:49:52+00:00\",\"breadcrumb\":{\"@id\":\"https:\/\/deco-rentable.fr\/?page_id=354#breadcrumb\"},\"inLanguage\":\"fr-FR\",\"potentialAction\":[{\"@type\":\"ReadAction\",\"target\":[\"https:\/\/deco-rentable.fr\/?page_id=354\"]}]},{\"@type\":\"BreadcrumbList\",\"@id\":\"https:\/\/deco-rentable.fr\/?page_id=354#breadcrumb\",\"itemListElement\":[{\"@type\":\"ListItem\",\"position\":1,\"name\":\"Accueil\",\"item\":\"https:\/\/deco-rentable.fr\/\"},{\"@type\":\"ListItem\",\"position\":2,\"name\":\"F.A.Q\"}]}]}<\/script>\n<!-- \/ Yoast SEO plugin. -->","yoast_head_json":{"title":"F.A.Q - D\u00e9co Rentable","robots":{"index":"index","follow":"follow","max-snippet":"max-snippet:-1","max-image-preview":"max-image-preview:large","max-video-preview":"max-video-preview:-1"},"canonical":"https:\/\/deco-rentable.fr\/?page_id=354","og_locale":"fr_FR","og_type":"article","og_title":"F.A.Q - D\u00e9co Rentable","og_description":"A PROPOS DE D\u00c9CO RENTABLE D\u00e9coRentable c\u2019est quoi ? Un accompagnement sur la finalisation et la r\u00e9ussite de votre investissement immobilier ! En effet, la d\u00e9coration, le choix des meubles et l\u2019am\u00e9nagement, la mise en location arrivent en fin de chantier, apr\u00e8s des mois de travail et \u00e7a ne s\u2019improvise pas si l\u2019on veut se [&hellip;]","og_url":"https:\/\/deco-rentable.fr\/?page_id=354","og_site_name":"D\u00e9co Rentable","article_modified_time":"2021-04-07T12:49:52+00:00","og_image":[{"url":"https:\/\/deco-rentable.fr\/wp-content\/uploads\/elementor\/thumbs\/DR-Bureau-detudes-copie-oxtpwatmo7rajad6lgec4qauswnncq2rrcnv91iehc.jpg"}],"twitter_card":"summary_large_image","twitter_misc":{"Dur\u00e9e de lecture estim\u00e9e":"4 minutes"},"schema":{"@context":"https:\/\/schema.org","@graph":[{"@type":"Organization","@id":"https:\/\/deco-rentable.fr\/#organization","name":"D\u00e9co Rentable","url":"https:\/\/deco-rentable.fr\/","sameAs":[],"logo":{"@type":"ImageObject","inLanguage":"fr-FR","@id":"https:\/\/deco-rentable.fr\/#\/schema\/logo\/image\/","url":"https:\/\/deco-rentable.fr\/wp-content\/uploads\/2020\/11\/cropped-DR-Deco-Rentable-copie.jpg","contentUrl":"https:\/\/deco-rentable.fr\/wp-content\/uploads\/2020\/11\/cropped-DR-Deco-Rentable-copie.jpg","width":1024,"height":280,"caption":"D\u00e9co Rentable"},"image":{"@id":"https:\/\/deco-rentable.fr\/#\/schema\/logo\/image\/"}},{"@type":"WebSite","@id":"https:\/\/deco-rentable.fr\/#website","url":"https:\/\/deco-rentable.fr\/","name":"D\u00e9co Rentable","description":"La d\u00e9coration rentable","publisher":{"@id":"https:\/\/deco-rentable.fr\/#organization"},"potentialAction":[{"@type":"SearchAction","target":{"@type":"EntryPoint","urlTemplate":"https:\/\/deco-rentable.fr\/?s={search_term_string}"},"query-input":"required name=search_term_string"}],"inLanguage":"fr-FR"},{"@type":"WebPage","@id":"https:\/\/deco-rentable.fr\/?page_id=354","url":"https:\/\/deco-rentable.fr\/?page_id=354","name":"F.A.Q - D\u00e9co Rentable","isPartOf":{"@id":"https:\/\/deco-rentable.fr\/#website"},"datePublished":"2016-11-03T17:58:44+00:00","dateModified":"2021-04-07T12:49:52+00:00","breadcrumb":{"@id":"https:\/\/deco-rentable.fr\/?page_id=354#breadcrumb"},"inLanguage":"fr-FR","potentialAction":[{"@type":"ReadAction","target":["https:\/\/deco-rentable.fr\/?page_id=354"]}]},{"@type":"BreadcrumbList","@id":"https:\/\/deco-rentable.fr\/?page_id=354#breadcrumb","itemListElement":[{"@type":"ListItem","position":1,"name":"Accueil","item":"https:\/\/deco-rentable.fr\/"},{"@type":"ListItem","position":2,"name":"F.A.Q"}]}]}},"_links":{"self":[{"href":"https:\/\/deco-rentable.fr\/index.php?rest_route=\/wp\/v2\/pages\/354"}],"collection":[{"href":"https:\/\/deco-rentable.fr\/index.php?rest_route=\/wp\/v2\/pages"}],"about":[{"href":"https:\/\/deco-rentable.fr\/index.php?rest_route=\/wp\/v2\/types\/page"}],"author":[{"embeddable":true,"href":"https:\/\/deco-rentable.fr\/index.php?rest_route=\/wp\/v2\/users\/1"}],"replies":[{"embeddable":true,"href":"https:\/\/deco-rentable.fr\/index.php?rest_route=%2Fwp%2Fv2%2Fcomments&post=354"}],"version-history":[{"count":20,"href":"https:\/\/deco-rentable.fr\/index.php?rest_route=\/wp\/v2\/pages\/354\/revisions"}],"predecessor-version":[{"id":1244,"href":"https:\/\/deco-rentable.fr\/index.php?rest_route=\/wp\/v2\/pages\/354\/revisions\/1244"}],"wp:attachment":[{"href":"https:\/\/deco-rentable.fr\/index.php?rest_route=%2Fwp%2Fv2%2Fmedia&parent=354"}],"curies":[{"name":"wp","href":"https:\/\/api.w.org\/{rel}","templated":true}]}}