{"id":294,"date":"2016-11-03T16:50:09","date_gmt":"2016-11-03T16:50:09","guid":{"rendered":"http:\/\/lawyer2.mythemecloud.io\/?page_id=294"},"modified":"2021-04-07T13:25:57","modified_gmt":"2021-04-07T11:25:57","slug":"practice-areas","status":"publish","type":"page","link":"https:\/\/deco-rentable.fr\/?page_id=294","title":{"rendered":"Vos outils INTELIGENTS disponibles individuellement !"},"content":{"rendered":"\t\t<div data-elementor-type=\"wp-post\" data-elementor-id=\"294\" class=\"elementor elementor-294\">\n\t\t\t\t\t\t<div class=\"elementor-inner\">\n\t\t\t\t<div class=\"elementor-section-wrap\">\n\t\t\t\t\t\t\t\t\t<section class=\"elementor-section elementor-top-section elementor-element elementor-element-73a4b82 elementor-section-boxed elementor-section-height-default elementor-section-height-default\" data-id=\"73a4b82\" data-element_type=\"section\">\n\t\t\t\t\t\t<div class=\"elementor-container elementor-column-gap-default\">\n\t\t\t\t\t\t\t<div class=\"elementor-row\">\n\t\t\t\t\t<div class=\"elementor-column elementor-col-100 elementor-top-column elementor-element elementor-element-47ab30a\" data-id=\"47ab30a\" data-element_type=\"column\">\n\t\t\t<div class=\"elementor-column-wrap elementor-element-populated\">\n\t\t\t\t\t\t\t<div class=\"elementor-widget-wrap\">\n\t\t\t\t\t\t<section class=\"elementor-section elementor-inner-section elementor-element elementor-element-a689732 elementor-section-boxed elementor-section-height-default elementor-section-height-default\" data-id=\"a689732\" data-element_type=\"section\">\n\t\t\t\t\t\t<div class=\"elementor-container elementor-column-gap-default\">\n\t\t\t\t\t\t\t<div class=\"elementor-row\">\n\t\t\t\t\t<div class=\"elementor-column elementor-col-50 elementor-inner-column elementor-element elementor-element-aef4769\" data-id=\"aef4769\" data-element_type=\"column\">\n\t\t\t<div class=\"elementor-column-wrap elementor-element-populated\">\n\t\t\t\t\t\t\t<div class=\"elementor-widget-wrap\">\n\t\t\t\t\t\t<div class=\"elementor-element elementor-element-0e0d33e elementor-position-left elementor-widget__width-inherit elementor-vertical-align-top elementor-widget elementor-widget-image-box\" data-id=\"0e0d33e\" data-element_type=\"widget\" data-widget_type=\"image-box.default\">\n\t\t\t\t<div class=\"elementor-widget-container\">\n\t\t\t<div class=\"elementor-image-box-wrapper\"><figure class=\"elementor-image-box-img\"><a href=\"https:\/\/deco-rentable.fr\/?page_id=959\" target=\"_blank\"><img width=\"1024\" height=\"1024\" src=\"https:\/\/deco-rentable.fr\/wp-content\/uploads\/2020\/11\/Etude-de-marche2-copie-3-1024x1024.jpg\" class=\"elementor-animation-shrink attachment-large size-large wp-image-936\" alt=\"\" loading=\"lazy\" srcset=\"https:\/\/deco-rentable.fr\/wp-content\/uploads\/2020\/11\/Etude-de-marche2-copie-3-1024x1024.jpg 1024w, https:\/\/deco-rentable.fr\/wp-content\/uploads\/2020\/11\/Etude-de-marche2-copie-3-300x300.jpg 300w, https:\/\/deco-rentable.fr\/wp-content\/uploads\/2020\/11\/Etude-de-marche2-copie-3-150x150.jpg 150w, https:\/\/deco-rentable.fr\/wp-content\/uploads\/2020\/11\/Etude-de-marche2-copie-3-768x768.jpg 768w, https:\/\/deco-rentable.fr\/wp-content\/uploads\/2020\/11\/Etude-de-marche2-copie-3-1536x1536.jpg 1536w, https:\/\/deco-rentable.fr\/wp-content\/uploads\/2020\/11\/Etude-de-marche2-copie-3-2048x2048.jpg 2048w\" sizes=\"(max-width: 1024px) 100vw, 1024px\" \/><\/a><\/figure><div class=\"elementor-image-box-content\"><h3 class=\"elementor-image-box-title\"><a href=\"https:\/\/deco-rentable.fr\/?page_id=959\" target=\"_blank\">\u00c9tude de March\u00e9<\/a><\/h3><p class=\"elementor-image-box-description\">\u00c9tude compl\u00e8te de l'environnement de votre bien, sa ville, sa localisation, ses atouts \u00e9conomique, touristique, ses clients potentiels, sa concurrence, et toutes les autres caract\u00e9ristiques utiles afin d'exploiter au mieux les caract\u00e9ristiques de votre investissement ...<br><br>A partir de 350\u20ac TTC<\/p><\/div><\/div>\t\t<\/div>\n\t\t\t\t<\/div>\n\t\t\t\t<div class=\"elementor-element elementor-element-b11e32f elementor-align-center elementor-widget__width-inherit elementor-widget elementor-widget-button\" data-id=\"b11e32f\" data-element_type=\"widget\" data-widget_type=\"button.default\">\n\t\t\t\t<div class=\"elementor-widget-container\">\n\t\t\t\t\t<div class=\"elementor-button-wrapper\">\n\t\t\t<a href=\"https:\/\/deco-rentable.fr\/?page_id=959\" target=\"_blank\" class=\"elementor-button-link elementor-button elementor-size-xs elementor-animation-grow\" role=\"button\">\n\t\t\t\t\t\t<span class=\"elementor-button-content-wrapper\">\n\t\t\t\t\t\t<span class=\"elementor-button-text\">En savoir plus<\/span>\n\t\t<\/span>\n\t\t\t\t\t<\/a>\n\t\t<\/div>\n\t\t\t\t<\/div>\n\t\t\t\t<\/div>\n\t\t\t\t\t\t<\/div>\n\t\t\t\t\t<\/div>\n\t\t<\/div>\n\t\t\t\t<div class=\"elementor-column elementor-col-50 elementor-inner-column elementor-element elementor-element-499c008\" data-id=\"499c008\" data-element_type=\"column\">\n\t\t\t<div class=\"elementor-column-wrap elementor-element-populated\">\n\t\t\t\t\t\t\t<div class=\"elementor-widget-wrap\">\n\t\t\t\t\t\t<div class=\"elementor-element elementor-element-ba914e6 elementor-position-left elementor-vertical-align-top elementor-widget elementor-widget-image-box\" data-id=\"ba914e6\" data-element_type=\"widget\" data-widget_type=\"image-box.default\">\n\t\t\t\t<div class=\"elementor-widget-container\">\n\t\t\t<div class=\"elementor-image-box-wrapper\"><figure class=\"elementor-image-box-img\"><a href=\"https:\/\/deco-rentable.fr\/?page_id=991\" target=\"_blank\"><img width=\"1024\" height=\"1024\" src=\"https:\/\/deco-rentable.fr\/wp-content\/uploads\/2020\/11\/Audit2-copie-1024x1024.jpg\" class=\"elementor-animation-shrink attachment-large size-large wp-image-942\" alt=\"\" loading=\"lazy\" srcset=\"https:\/\/deco-rentable.fr\/wp-content\/uploads\/2020\/11\/Audit2-copie-1024x1024.jpg 1024w, https:\/\/deco-rentable.fr\/wp-content\/uploads\/2020\/11\/Audit2-copie-300x300.jpg 300w, https:\/\/deco-rentable.fr\/wp-content\/uploads\/2020\/11\/Audit2-copie-150x150.jpg 150w, https:\/\/deco-rentable.fr\/wp-content\/uploads\/2020\/11\/Audit2-copie-768x768.jpg 768w, https:\/\/deco-rentable.fr\/wp-content\/uploads\/2020\/11\/Audit2-copie-1536x1536.jpg 1536w, https:\/\/deco-rentable.fr\/wp-content\/uploads\/2020\/11\/Audit2-copie-2048x2048.jpg 2048w\" sizes=\"(max-width: 1024px) 100vw, 1024px\" \/><\/a><\/figure><div class=\"elementor-image-box-content\"><h3 class=\"elementor-image-box-title\"><a href=\"https:\/\/deco-rentable.fr\/?page_id=991\" target=\"_blank\">Audit BOOSTER<\/a><\/h3><p class=\"elementor-image-box-description\">Am\u00e9lioration de la d\u00e9coration, de l'\u00e9quipement, de la communication, ... Faire un audit de vos locations en cours sera forc\u00e9ment b\u00e9n\u00e9fique pour vos r\u00e9sultats tel que l'augmentation du taux de r\u00e9servations, du prix de la nuit, pour cibler une nouvelle client\u00e8le, ... <br><br>A partir de 450 \u20ac TTC <\/p><\/div><\/div>\t\t<\/div>\n\t\t\t\t<\/div>\n\t\t\t\t<div class=\"elementor-element elementor-element-88d3fa8 elementor-align-center elementor-widget__width-inherit elementor-widget elementor-widget-button\" data-id=\"88d3fa8\" data-element_type=\"widget\" data-widget_type=\"button.default\">\n\t\t\t\t<div class=\"elementor-widget-container\">\n\t\t\t\t\t<div class=\"elementor-button-wrapper\">\n\t\t\t<a href=\"https:\/\/deco-rentable.fr\/?page_id=991\" target=\"_blank\" class=\"elementor-button-link elementor-button elementor-size-xs elementor-animation-grow\" role=\"button\">\n\t\t\t\t\t\t<span class=\"elementor-button-content-wrapper\">\n\t\t\t\t\t\t<span class=\"elementor-button-text\">En savoir plus<\/span>\n\t\t<\/span>\n\t\t\t\t\t<\/a>\n\t\t<\/div>\n\t\t\t\t<\/div>\n\t\t\t\t<\/div>\n\t\t\t\t\t\t<\/div>\n\t\t\t\t\t<\/div>\n\t\t<\/div>\n\t\t\t\t\t\t\t\t<\/div>\n\t\t\t\t\t<\/div>\n\t\t<\/section>\n\t\t\t\t\t\t<\/div>\n\t\t\t\t\t<\/div>\n\t\t<\/div>\n\t\t\t\t\t\t\t\t<\/div>\n\t\t\t\t\t<\/div>\n\t\t<\/section>\n\t\t\t\t<section class=\"elementor-section elementor-top-section elementor-element elementor-element-9d83c5f elementor-section-boxed elementor-section-height-default elementor-section-height-default\" data-id=\"9d83c5f\" data-element_type=\"section\">\n\t\t\t\t\t\t<div class=\"elementor-container elementor-column-gap-wider\">\n\t\t\t\t\t\t\t<div class=\"elementor-row\">\n\t\t\t\t\t<div class=\"elementor-column elementor-col-100 elementor-top-column elementor-element elementor-element-6c176b9\" data-id=\"6c176b9\" data-element_type=\"column\">\n\t\t\t<div class=\"elementor-column-wrap elementor-element-populated\">\n\t\t\t\t\t\t\t<div class=\"elementor-widget-wrap\">\n\t\t\t\t\t\t<section class=\"elementor-section elementor-inner-section elementor-element elementor-element-142be1c elementor-section-boxed elementor-section-height-default elementor-section-height-default\" data-id=\"142be1c\" data-element_type=\"section\">\n\t\t\t\t\t\t<div class=\"elementor-container elementor-column-gap-default\">\n\t\t\t\t\t\t\t<div class=\"elementor-row\">\n\t\t\t\t\t<div class=\"elementor-column elementor-col-50 elementor-inner-column elementor-element elementor-element-f39c271\" data-id=\"f39c271\" data-element_type=\"column\">\n\t\t\t<div class=\"elementor-column-wrap elementor-element-populated\">\n\t\t\t\t\t\t\t<div class=\"elementor-widget-wrap\">\n\t\t\t\t\t\t<div class=\"elementor-element elementor-element-b6d6a93 elementor-position-left elementor-vertical-align-top elementor-widget elementor-widget-image-box\" data-id=\"b6d6a93\" data-element_type=\"widget\" data-widget_type=\"image-box.default\">\n\t\t\t\t<div class=\"elementor-widget-container\">\n\t\t\t<div class=\"elementor-image-box-wrapper\"><figure class=\"elementor-image-box-img\"><a href=\"https:\/\/deco-rentable.fr\/?page_id=984\" target=\"_blank\"><img width=\"1024\" height=\"1024\" src=\"https:\/\/deco-rentable.fr\/wp-content\/uploads\/2021\/04\/miseenloc-1024x1024.jpg\" class=\"elementor-animation-shrink attachment-large size-large wp-image-1176\" alt=\"\" loading=\"lazy\" srcset=\"https:\/\/deco-rentable.fr\/wp-content\/uploads\/2021\/04\/miseenloc-1024x1024.jpg 1024w, https:\/\/deco-rentable.fr\/wp-content\/uploads\/2021\/04\/miseenloc-300x300.jpg 300w, https:\/\/deco-rentable.fr\/wp-content\/uploads\/2021\/04\/miseenloc-150x150.jpg 150w, https:\/\/deco-rentable.fr\/wp-content\/uploads\/2021\/04\/miseenloc-768x768.jpg 768w, https:\/\/deco-rentable.fr\/wp-content\/uploads\/2021\/04\/miseenloc-1536x1536.jpg 1536w, https:\/\/deco-rentable.fr\/wp-content\/uploads\/2021\/04\/miseenloc-2048x2048.jpg 2048w\" sizes=\"(max-width: 1024px) 100vw, 1024px\" \/><\/a><\/figure><div class=\"elementor-image-box-content\"><h3 class=\"elementor-image-box-title\"><a href=\"https:\/\/deco-rentable.fr\/?page_id=984\" target=\"_blank\">Pack Mise en Location<\/a><\/h3><p class=\"elementor-image-box-description\">La derni\u00e8re \u00e9tapes apr\u00e8s un long parcours, la mise en location est LE dernier point \u00e0 ne surtout pas n\u00e9gliger! Photographe, r\u00e9daction d'annonces et un ebook de conseils pour le rien manquer apr\u00e8s tant d'efforts pour votre arriv\u00e9e sur le march\u00e9 de la location. <br><br>A partir de 149 \u20ac TTC<\/p><\/div><\/div>\t\t<\/div>\n\t\t\t\t<\/div>\n\t\t\t\t<div class=\"elementor-element elementor-element-2dc8f04 elementor-align-center elementor-widget elementor-widget-button\" data-id=\"2dc8f04\" data-element_type=\"widget\" data-widget_type=\"button.default\">\n\t\t\t\t<div class=\"elementor-widget-container\">\n\t\t\t\t\t<div class=\"elementor-button-wrapper\">\n\t\t\t<a href=\"https:\/\/deco-rentable.fr\/?page_id=984\" target=\"_blank\" class=\"elementor-button-link elementor-button elementor-size-xs elementor-animation-grow\" role=\"button\">\n\t\t\t\t\t\t<span class=\"elementor-button-content-wrapper\">\n\t\t\t\t\t\t<span class=\"elementor-button-text\">En savoir plus<\/span>\n\t\t<\/span>\n\t\t\t\t\t<\/a>\n\t\t<\/div>\n\t\t\t\t<\/div>\n\t\t\t\t<\/div>\n\t\t\t\t\t\t<\/div>\n\t\t\t\t\t<\/div>\n\t\t<\/div>\n\t\t\t\t<div class=\"elementor-column elementor-col-50 elementor-inner-column elementor-element elementor-element-7ddb193\" data-id=\"7ddb193\" data-element_type=\"column\">\n\t\t\t<div class=\"elementor-column-wrap\">\n\t\t\t\t\t\t\t<div class=\"elementor-widget-wrap\">\n\t\t\t\t\t\t\t\t<\/div>\n\t\t\t\t\t<\/div>\n\t\t<\/div>\n\t\t\t\t\t\t\t\t<\/div>\n\t\t\t\t\t<\/div>\n\t\t<\/section>\n\t\t\t\t\t\t<\/div>\n\t\t\t\t\t<\/div>\n\t\t<\/div>\n\t\t\t\t\t\t\t\t<\/div>\n\t\t\t\t\t<\/div>\n\t\t<\/section>\n\t\t\t\t\t\t\t\t\t<\/div>\n\t\t\t<\/div>\n\t\t\t\t\t<\/div>\n\t\t","protected":false},"excerpt":{"rendered":"<p>\u00c9tude de March\u00e9 \u00c9tude compl\u00e8te de l&#8217;environnement de votre bien, sa ville, sa localisation, ses atouts \u00e9conomique, touristique, ses clients potentiels, sa concurrence, et toutes les autres caract\u00e9ristiques utiles afin d&#8217;exploiter au mieux les caract\u00e9ristiques de votre investissement &#8230; A partir de 350\u20ac TTC En savoir plus Audit BOOSTER Am\u00e9lioration de la d\u00e9coration, de l&#8217;\u00e9quipement, [&hellip;]<\/p>\n","protected":false},"author":1,"featured_media":0,"parent":0,"menu_order":0,"comment_status":"closed","ping_status":"closed","template":"","meta":[],"yoast_head":"<!-- This site is optimized with the Yoast SEO plugin v19.4 - https:\/\/yoast.com\/wordpress\/plugins\/seo\/ -->\n<title>Vos outils INTELIGENTS disponibles individuellement ! - D\u00e9co Rentable<\/title>\n<meta name=\"robots\" content=\"index, follow, max-snippet:-1, max-image-preview:large, max-video-preview:-1\" \/>\n<link rel=\"canonical\" href=\"https:\/\/deco-rentable.fr\/?page_id=294\" \/>\n<meta property=\"og:locale\" content=\"fr_FR\" \/>\n<meta property=\"og:type\" content=\"article\" \/>\n<meta property=\"og:title\" content=\"Vos outils INTELIGENTS disponibles individuellement ! - D\u00e9co Rentable\" \/>\n<meta property=\"og:description\" content=\"\u00c9tude de March\u00e9 \u00c9tude compl\u00e8te de l&#8217;environnement de votre bien, sa ville, sa localisation, ses atouts \u00e9conomique, touristique, ses clients potentiels, sa concurrence, et toutes les autres caract\u00e9ristiques utiles afin d&#8217;exploiter au mieux les caract\u00e9ristiques de votre investissement &#8230; A partir de 350\u20ac TTC En savoir plus Audit BOOSTER Am\u00e9lioration de la d\u00e9coration, de l&#8217;\u00e9quipement, [&hellip;]\" \/>\n<meta property=\"og:url\" content=\"https:\/\/deco-rentable.fr\/?page_id=294\" \/>\n<meta property=\"og:site_name\" content=\"D\u00e9co Rentable\" \/>\n<meta property=\"article:modified_time\" content=\"2021-04-07T11:25:57+00:00\" \/>\n<meta property=\"og:image\" content=\"https:\/\/deco-rentable.fr\/wp-content\/uploads\/2020\/11\/Etude-de-marche2-copie-3-1024x1024.jpg\" \/>\n<meta name=\"twitter:card\" content=\"summary_large_image\" \/>\n<meta name=\"twitter:label1\" content=\"Dur\u00e9e de lecture estim\u00e9e\" \/>\n\t<meta name=\"twitter:data1\" content=\"2 minutes\" \/>\n<script type=\"application\/ld+json\" class=\"yoast-schema-graph\">{\"@context\":\"https:\/\/schema.org\",\"@graph\":[{\"@type\":\"Organization\",\"@id\":\"https:\/\/deco-rentable.fr\/#organization\",\"name\":\"D\u00e9co Rentable\",\"url\":\"https:\/\/deco-rentable.fr\/\",\"sameAs\":[],\"logo\":{\"@type\":\"ImageObject\",\"inLanguage\":\"fr-FR\",\"@id\":\"https:\/\/deco-rentable.fr\/#\/schema\/logo\/image\/\",\"url\":\"https:\/\/deco-rentable.fr\/wp-content\/uploads\/2020\/11\/cropped-DR-Deco-Rentable-copie.jpg\",\"contentUrl\":\"https:\/\/deco-rentable.fr\/wp-content\/uploads\/2020\/11\/cropped-DR-Deco-Rentable-copie.jpg\",\"width\":1024,\"height\":280,\"caption\":\"D\u00e9co Rentable\"},\"image\":{\"@id\":\"https:\/\/deco-rentable.fr\/#\/schema\/logo\/image\/\"}},{\"@type\":\"WebSite\",\"@id\":\"https:\/\/deco-rentable.fr\/#website\",\"url\":\"https:\/\/deco-rentable.fr\/\",\"name\":\"D\u00e9co Rentable\",\"description\":\"La d\u00e9coration rentable\",\"publisher\":{\"@id\":\"https:\/\/deco-rentable.fr\/#organization\"},\"potentialAction\":[{\"@type\":\"SearchAction\",\"target\":{\"@type\":\"EntryPoint\",\"urlTemplate\":\"https:\/\/deco-rentable.fr\/?s={search_term_string}\"},\"query-input\":\"required name=search_term_string\"}],\"inLanguage\":\"fr-FR\"},{\"@type\":\"WebPage\",\"@id\":\"https:\/\/deco-rentable.fr\/?page_id=294\",\"url\":\"https:\/\/deco-rentable.fr\/?page_id=294\",\"name\":\"Vos outils INTELIGENTS disponibles individuellement ! - D\u00e9co Rentable\",\"isPartOf\":{\"@id\":\"https:\/\/deco-rentable.fr\/#website\"},\"datePublished\":\"2016-11-03T16:50:09+00:00\",\"dateModified\":\"2021-04-07T11:25:57+00:00\",\"breadcrumb\":{\"@id\":\"https:\/\/deco-rentable.fr\/?page_id=294#breadcrumb\"},\"inLanguage\":\"fr-FR\",\"potentialAction\":[{\"@type\":\"ReadAction\",\"target\":[\"https:\/\/deco-rentable.fr\/?page_id=294\"]}]},{\"@type\":\"BreadcrumbList\",\"@id\":\"https:\/\/deco-rentable.fr\/?page_id=294#breadcrumb\",\"itemListElement\":[{\"@type\":\"ListItem\",\"position\":1,\"name\":\"Accueil\",\"item\":\"https:\/\/deco-rentable.fr\/\"},{\"@type\":\"ListItem\",\"position\":2,\"name\":\"Vos outils INTELIGENTS disponibles individuellement !\"}]}]}<\/script>\n<!-- \/ Yoast SEO plugin. -->","yoast_head_json":{"title":"Vos outils INTELIGENTS disponibles individuellement ! - D\u00e9co Rentable","robots":{"index":"index","follow":"follow","max-snippet":"max-snippet:-1","max-image-preview":"max-image-preview:large","max-video-preview":"max-video-preview:-1"},"canonical":"https:\/\/deco-rentable.fr\/?page_id=294","og_locale":"fr_FR","og_type":"article","og_title":"Vos outils INTELIGENTS disponibles individuellement ! - D\u00e9co Rentable","og_description":"\u00c9tude de March\u00e9 \u00c9tude compl\u00e8te de l&#8217;environnement de votre bien, sa ville, sa localisation, ses atouts \u00e9conomique, touristique, ses clients potentiels, sa concurrence, et toutes les autres caract\u00e9ristiques utiles afin d&#8217;exploiter au mieux les caract\u00e9ristiques de votre investissement &#8230; A partir de 350\u20ac TTC En savoir plus Audit BOOSTER Am\u00e9lioration de la d\u00e9coration, de l&#8217;\u00e9quipement, [&hellip;]","og_url":"https:\/\/deco-rentable.fr\/?page_id=294","og_site_name":"D\u00e9co Rentable","article_modified_time":"2021-04-07T11:25:57+00:00","og_image":[{"url":"https:\/\/deco-rentable.fr\/wp-content\/uploads\/2020\/11\/Etude-de-marche2-copie-3-1024x1024.jpg"}],"twitter_card":"summary_large_image","twitter_misc":{"Dur\u00e9e de lecture estim\u00e9e":"2 minutes"},"schema":{"@context":"https:\/\/schema.org","@graph":[{"@type":"Organization","@id":"https:\/\/deco-rentable.fr\/#organization","name":"D\u00e9co Rentable","url":"https:\/\/deco-rentable.fr\/","sameAs":[],"logo":{"@type":"ImageObject","inLanguage":"fr-FR","@id":"https:\/\/deco-rentable.fr\/#\/schema\/logo\/image\/","url":"https:\/\/deco-rentable.fr\/wp-content\/uploads\/2020\/11\/cropped-DR-Deco-Rentable-copie.jpg","contentUrl":"https:\/\/deco-rentable.fr\/wp-content\/uploads\/2020\/11\/cropped-DR-Deco-Rentable-copie.jpg","width":1024,"height":280,"caption":"D\u00e9co Rentable"},"image":{"@id":"https:\/\/deco-rentable.fr\/#\/schema\/logo\/image\/"}},{"@type":"WebSite","@id":"https:\/\/deco-rentable.fr\/#website","url":"https:\/\/deco-rentable.fr\/","name":"D\u00e9co Rentable","description":"La d\u00e9coration rentable","publisher":{"@id":"https:\/\/deco-rentable.fr\/#organization"},"potentialAction":[{"@type":"SearchAction","target":{"@type":"EntryPoint","urlTemplate":"https:\/\/deco-rentable.fr\/?s={search_term_string}"},"query-input":"required name=search_term_string"}],"inLanguage":"fr-FR"},{"@type":"WebPage","@id":"https:\/\/deco-rentable.fr\/?page_id=294","url":"https:\/\/deco-rentable.fr\/?page_id=294","name":"Vos outils INTELIGENTS disponibles individuellement ! - D\u00e9co Rentable","isPartOf":{"@id":"https:\/\/deco-rentable.fr\/#website"},"datePublished":"2016-11-03T16:50:09+00:00","dateModified":"2021-04-07T11:25:57+00:00","breadcrumb":{"@id":"https:\/\/deco-rentable.fr\/?page_id=294#breadcrumb"},"inLanguage":"fr-FR","potentialAction":[{"@type":"ReadAction","target":["https:\/\/deco-rentable.fr\/?page_id=294"]}]},{"@type":"BreadcrumbList","@id":"https:\/\/deco-rentable.fr\/?page_id=294#breadcrumb","itemListElement":[{"@type":"ListItem","position":1,"name":"Accueil","item":"https:\/\/deco-rentable.fr\/"},{"@type":"ListItem","position":2,"name":"Vos outils INTELIGENTS disponibles individuellement !"}]}]}},"_links":{"self":[{"href":"https:\/\/deco-rentable.fr\/index.php?rest_route=\/wp\/v2\/pages\/294"}],"collection":[{"href":"https:\/\/deco-rentable.fr\/index.php?rest_route=\/wp\/v2\/pages"}],"about":[{"href":"https:\/\/deco-rentable.fr\/index.php?rest_route=\/wp\/v2\/types\/page"}],"author":[{"embeddable":true,"href":"https:\/\/deco-rentable.fr\/index.php?rest_route=\/wp\/v2\/users\/1"}],"replies":[{"embeddable":true,"href":"https:\/\/deco-rentable.fr\/index.php?rest_route=%2Fwp%2Fv2%2Fcomments&post=294"}],"version-history":[{"count":68,"href":"https:\/\/deco-rentable.fr\/index.php?rest_route=\/wp\/v2\/pages\/294\/revisions"}],"predecessor-version":[{"id":1239,"href":"https:\/\/deco-rentable.fr\/index.php?rest_route=\/wp\/v2\/pages\/294\/revisions\/1239"}],"wp:attachment":[{"href":"https:\/\/deco-rentable.fr\/index.php?rest_route=%2Fwp%2Fv2%2Fmedia&parent=294"}],"curies":[{"name":"wp","href":"https:\/\/api.w.org\/{rel}","templated":true}]}}